ivide 96160?
False
Is 7241 a multiple of 9?
False
Is 12 a factor of 25264?
False
Does 39 divide 326?
False
Does 11 divide 363?
True
Does 2 divide 7?
False
Is 7950 a multiple of 75?
True
Is 2388 a multiple of 5?
False
Does 56 divide 3265?
False
Is 22 a factor of 7960?
False
Is 2 a factor of 222?
True
Is 24 a factor of 2606?
False
Is 1298 a multiple of 11?
True
Is 66 a factor of 10724?
False
Is 48 a factor of 4464?
True
Does 36 divide 26188?
False
Is 826 a multiple of 59?
True
Does 9 divide 16218?
True
Is 1851 a multiple of 31?
False
Does 305 divide 44079?
False
Is 4752 a multiple of 72?
True
Is 1228 a multiple of 6?
False
Is 51 a factor of 1428?
True
Is 67 a factor of 5591?
False
Does 7 divide 2615?
False
Does 14 divide 12364?
False
Does 15 divide 780?
True
Does 6 divide 144?
True
Is 3882 a multiple of 44?
False
Is 3809 a multiple of 13?
True
Is 33 a factor of 429?
True
Is 5 a factor of 3995?
True
Is 6 a factor of 18198?
True
Is 296 a multiple of 2?
True
Is 5 a factor of 694?
False
Is 15 a factor of 62625?
True
Is 15 a factor of 392?
False
Is 2187 a multiple of 9?
True
Is 14 a factor of 16646?
True
Is 4250 a multiple of 25?
True
Does 12 divide 42264?
True
Does 9 divide 1347?
False
Is 47 a factor of 3443?
False
Is 4444 a multiple of 22?
True
Does 151 divide 594?
False
Does 2 divide 2735?
False
Is 7648 a multiple of 208?
False
Is 62 a factor of 8246?
True
Is 36 a multiple of 34?
False
Is 5 a factor of 1960?
True
Is 13 a factor of 229?
False
Does 40 divide 1945?
False
Is 1820 a multiple of 28?
True
Does 50 divide 12000?
True
Is 2954 a multiple of 7?
True
Is 8 a factor of 888?
True
Does 4 divide 1180?
True
Is 13 a factor of 260?
True
Is 405 a multiple of 15?
True
Is 60 a factor of 8640?
True
Is 22117 a multiple of 17?
True
Is 21 a factor of 147?
True
Does 146 divide 5548?
True
Is 10489 a multiple of 15?
False
Is 1903 a multiple of 9?
False
Is 4 a factor of 7933?
False
Does 13 divide 5263?
False
Is 14 a factor of 2002?
True
Is 70 a factor of 1890?
True
Is 5336 a multiple of 29?
True
Does 16 divide 14080?
True
Is 7 a factor of 2788?
False
Is 846 a multiple of 6?
True
Is 4771 a multiple of 47?
False
Is 2590 a multiple of 70?
True
Is 59 a factor of 14156?
False
Is 28 a factor of 802?
False
Does 36 divide 15560?
False
Does 7 divide 117065?
False
Is 1268 a multiple of 95?
False
Is 7 a factor of 2597?
True
Is 6 a factor of 3751?
False
Does 13 divide 49894?
True
Is 88 a factor of 3784?
True
Does 18 divide 119?
False
Is 1447 a multiple of 13?
False
Is 9383 a multiple of 175?
False
Is 53 a factor of 146931?
False
Is 69 a factor of 1863?
True
Is 189 a factor of 70299?
False
Does 12 divide 1500?
True
Does 14 divide 7054?
False
Does 143 divide 9928?
False
Is 91 a multiple of 7?
True
Does 43 divide 86?
True
Is 13 a factor of 1807?
True
Does 112 divide 15557?
False
Does 9 divide 1315?
False
Does 3 divide 82?
False
Is 307 a factor of 90565?
True
Does 8 divide 2696?
True
Does 7 divide 6941?
False
Is 1789 a multiple of 29?
False
Is 26243 a multiple of 163?
True
Does 14 divide 9436?
True
Does 12 divide 12?
True
Is 9384 a multiple of 204?
True
Is 85813 a multiple of 41?
True
Is 22 a factor of 1782?
True
Does 13 divide 2561?
True
Does 18 divide 20240?
False
Is 8922 a multiple of 66?
False
Is 1617 a multiple of 77?
True
Is 655 a multiple of 39?
False
Is 107 a factor of 1164?
False
Is 3 a factor of 978?
True
Is 5 a factor of 5005?
True
Does 16 divide 400?
True
Is 2735 a multiple of 22?
False
Is 11 a factor of 55?
True
Does 15 divide 4425?
True
Does 46 divide 3174?
True
Does 30 divide 25174?
False
Is 27712 a multiple of 18?
False
Does 7 divide 504?
True
Is 768 a multiple of 16?
True
Is 2254 even?
True
Is 23375 a multiple of 131?
False
Does 12 divide 8724?
True
Is 101 a factor of 4545?
True
Is 15080 a multiple of 29?
True
Is 4455 a multiple of 11?
True
Does 41 divide 574?
True
Does 26 divide 42807?
False
Is 34503 a multiple of 93?
True
Is 145 a multiple of 29?
True
Is 67 a factor of 47570?
True
Is 24311 a multiple of 161?
True
Is 201 a factor of 22914?
True
Is 297 a multiple of 33?
True
Does 33 divide 10230?
True
Does 8 divide 261?
False
Does 4 divide 13126?
False
Is 5 a factor of 645?
True
Is 416 a multiple of 52?
True
Is 5 a factor of 69?
False
Does 18 divide 135?
False
Does 15 divide 263?
False
Is 23598 a multiple of 342?
True
Is 15 a factor of 1005?
True
Is 86 a factor of 26453?
False
Is 11 a factor of 2923?
False
Is 122 a factor of 15084?
False
Does 27 divide 3213?
True
Is 1755 a multiple of 65?
True
Is 672 a multiple of 6?
True
Is 5 a factor of 800?
True
Does 62 divide 2976?
True
Does 191 divide 14134?
True
Does 22 divide 38369?
False
Does 23 divide 1150?
True
Is 79 a factor of 790?
True
Does 16 divide 8854?
False
Is 906 a multiple of 10?
False
Is 17 a factor of 9596?
False
Is 59 a factor of 5921?
False
Is 48 a factor of 12909?
False
Is 140 a factor of 5320?
True
Does 31 divide 1612?
True
Is 16 a factor of 241?
False
Is 162 a multiple of 9?
True
Does 7 divide 1512?
True
Is 201 a factor of 10521?
False
Is 15 a factor of 24765?
True
Does 118 divide 4612?
False
Is 105040 a multiple of 260?
True
Does 49 divide 8673?
True
Is 354 a multiple of 6?
True
Does 29 divide 174?
True
Does 3 divide 24?
True
Does 108 divide 10584?
True
Is 410 a factor of 106190?
True
Is 223 a factor of 37241?
True
Does 33 divide 37836?
False
Does 3 divide 1728?
True
Is 18 a factor of 16955?
False
Is 146 a factor of 55772?
True
Does 88 divide 2082?
False
Is 128746 a multiple of 19?
False
Does 15 divide 8205?
True
Is 7 a factor of 5966?
False
Does 3 divide 11848?
False
Is 20801 a multiple of 61?
True
Is 49 a factor of 33891?
False
Is 173 a multiple of 76?
False
Does 56 divide 10304?
True
Is 605 a multiple of 5?
True
Is 7382 a multiple of 33?
False
Is 58 a factor of 1169?
False
Is 26 even?
True
Is 42347 a multiple of 47?
True
Is 2541 a multiple of 7?
True
Is 1853 a multiple of 131?
False
Does 11 divide 132?
True
Does 21 divide 4809?
True
Is 131 a multiple of 10?
False
Is 3978 a multiple of 13?
True
Is 9785 a multiple of 14?
False
Is 48 a factor of 2383?
False
Does 6 divide 42132?
True
Does 14 divide 5278?
True
Is 13 a factor of 17394?
True
Is 469 a multiple of 67?
True
Does 87 divide 2423?
False
Is 4 a factor of 50?
False
Is 12 a factor of 19512?
True
Is 68741 a multiple of 13?
False
Is 4491 a multiple of 19?
False
Is 4176 a multiple of 4?
True
Is 22 a factor of 352?
True
Is 18 a factor of 6516?
True
Is 60 a multiple of 15?
True
Is 4135 a multiple of 5?
True
Does 58 divide 113225?
False
Is 3060 a multiple of 36?
True
Is 68 a factor of 612?
True
Does 2 divide 2836?
True
Is 80 a factor of 1280?
True
Is 4 a factor of 4076?
True
Does 8 divide 712?
True
Is 38 a factor of 1330?
True
Is 228 a factor of 41040?
True
Is 60 a factor of 1002?
False
Is 22 a factor of 346?
False
Is 107 a factor of 76612?
True
Does 14 divide 5512?
False
Is 822 a multiple of 18?
False
Is 83 a factor of 2490?
True
Is 698 a multiple of 33?
False
Is 15 a factor of 5592?
False
Is 37 a factor of 1369?
True
Is 92177 a multiple of 489?
False
Is 90 a multiple of 5?
True
Is 7 a factor of 7895?
False
Is 25718 a multiple of 154?
True
Is 101579 a multiple of 157?
True
Does 29 divide 4026?
False
Is 14280 a multiple of 10?
True
Is 3924 a multiple of 12?
True
Is 17 a factor of 1025?
False
Is 3 a factor of 441?
True
Is 14 a factor of 5437?
False
Does 19 divide 4455?
False
Does 10 divide 3083?
False
Does 11 divide 16381?
False
Is 2 a factor of 646?
True
Does 13 divide 1287?
True
Is 44 a factor of 440?
True
Does 7 divide 154?
True
Is 7101 a multiple of 9?
True
Is 2142 a multiple of 10?
False
Does 37 divide 277?
False
Is 10 a factor of 5480?
True
Is 26 a multiple of 6?
False
Is 22 a factor of 286?
True
Does 2 divide 5066?
True
Is 10147 a multiple of 212?
False
Is 9 a factor of 1476?
True
Is 5266 a multiple of 61?
False
Is 1521 a multiple of 39?
True
Is 976 a multiple of 61?
True
Is 56 a factor of 5045?
False
Is 1968 a multiple of 16?
True
Is 16 a factor of 2700?
False
Is 104 a factor of 22464?
True
Does 31 divide 82764?
False
Is 4590 a multiple of 34?
True
Is 12 a factor of 14411?
False
Is 128 a factor of 48896?
True
Is 33 a factor of 726?
True
Is 15 a factor of 4935?
True
Is 34840 a multiple of 20?
True
Does 37 divide 2775?
True
Is 892 a multiple 